{"id":575,"date":"2023-03-28T10:51:01","date_gmt":"2023-03-28T08:51:01","guid":{"rendered":"https:\/\/jean-micheldaune.be\/photo\/?page_id=575"},"modified":"2023-08-14T15:41:51","modified_gmt":"2023-08-14T13:41:51","slug":"vosges","status":"publish","type":"page","link":"https:\/\/jean-micheldaune.be\/photo\/vosges\/","title":{"rendered":"Vosges"},"content":{"rendered":"<div id=\"pl-575\"  class=\"panel-layout\" ><div id=\"pg-575-0\"  class=\"panel-grid panel-has-style\" ><div class=\"siteorigin-panels-stretch panel-row-style panel-row-style-for-575-0\" data-stretch-type=\"full\" ><div id=\"pgc-575-0-0\"  class=\"panel-grid-cell\" ><div id=\"panel-575-0-0-0\" class=\"so-panel widget widget_sow-slider panel-first-child\" data-index=\"0\" ><div\n\t\t\t\n\t\t\tclass=\"so-widget-sow-slider so-widget-sow-slider-default-6d39609536fd-575\"\n\t\t\t\n\t\t>\t\t\t\t<div class=\"sow-slider-base\" style=\"display: none\" tabindex=\"0\">\n\t\t\t\t\t<ul\n\t\t\t\t\tclass=\"sow-slider-images\"\n\t\t\t\t\tdata-settings=\"{&quot;pagination&quot;:true,&quot;speed&quot;:800,&quot;timeout&quot;:8000,&quot;paused&quot;:false,&quot;pause_on_hover&quot;:false,&quot;swipe&quot;:true,&quot;nav_always_show_desktop&quot;:&quot;&quot;,&quot;nav_always_show_mobile&quot;:&quot;&quot;,&quot;breakpoint&quot;:&quot;780px&quot;,&quot;unmute&quot;:false,&quot;anchor&quot;:null}\"\n\t\t\t\t\t\t\t\t\t\tdata-anchor-id=\"\"\n\t\t\t\t>\t\t<li class=\"sow-slider-image\" style=\"visibility: visible;\" >\n\t\t\t\t\t\t<img decoding=\"async\" class=\"sow-slider-background-image\" style=\"\" srcset=\"\" sizes=\"\" src=\"https:\/\/jean-micheldaune.be\/photo\/wp-content\/uploads\/2023\/04\/Daune-Jm-43-scaled.jpg\" >\t\t<\/li>\n\t\t\t\t<li class=\"sow-slider-image\" style=\"visibility: hidden;\" >\n\t\t\t\t\t\t<img loading=\"lazy\" decoding=\"async\" width=\"2200\" height=\"1467\" src=\"https:\/\/jean-micheldaune.be\/photo\/wp-content\/uploads\/2020\/03\/C05P6808.jpg\" class=\"sow-slider-background-image\" alt=\"Chamois serein\" style=\"\" srcset=\"https:\/\/jean-micheldaune.be\/photo\/wp-content\/uploads\/2020\/03\/C05P6808.jpg 2200w, https:\/\/jean-micheldaune.be\/photo\/wp-content\/uploads\/2020\/03\/C05P6808-300x200.jpg 300w, https:\/\/jean-micheldaune.be\/photo\/wp-content\/uploads\/2020\/03\/C05P6808-1024x683.jpg 1024w, https:\/\/jean-micheldaune.be\/photo\/wp-content\/uploads\/2020\/03\/C05P6808-768x512.jpg 768w, https:\/\/jean-micheldaune.be\/photo\/wp-content\/uploads\/2020\/03\/C05P6808-600x400.jpg 600w, https:\/\/jean-micheldaune.be\/photo\/wp-content\/uploads\/2020\/03\/C05P6808-1536x1024.jpg 1536w, https:\/\/jean-micheldaune.be\/photo\/wp-content\/uploads\/2020\/03\/C05P6808-2048x1366.jpg 2048w, https:\/\/jean-micheldaune.be\/photo\/wp-content\/uploads\/2020\/03\/C05P6808-1240x827.jpg 1240w, https:\/\/jean-micheldaune.be\/photo\/wp-content\/uploads\/2020\/03\/C05P6808-508x339.jpg 508w, https:\/\/jean-micheldaune.be\/photo\/wp-content\/uploads\/2020\/03\/C05P6808-272x182.jpg 272w\" sizes=\"auto, (max-width: 2200px) 100vw, 2200px\" \/>\t\t<\/li>\n\t\t\t\t<li class=\"sow-slider-image\" style=\"visibility: hidden;\" >\n\t\t\t\t\t\t\t\t<\/li>\n\t\t\t\t<li class=\"sow-slider-image\" style=\"visibility: hidden;\" >\n\t\t\t\t\t\t<img loading=\"lazy\" decoding=\"async\" width=\"2200\" height=\"1467\" src=\"https:\/\/jean-micheldaune.be\/photo\/wp-content\/uploads\/2020\/03\/C05P6765.jpg\" class=\"sow-slider-background-image\" alt=\"crois\u00e9 de chemin\" style=\"\" srcset=\"https:\/\/jean-micheldaune.be\/photo\/wp-content\/uploads\/2020\/03\/C05P6765.jpg 2200w, https:\/\/jean-micheldaune.be\/photo\/wp-content\/uploads\/2020\/03\/C05P6765-300x200.jpg 300w, https:\/\/jean-micheldaune.be\/photo\/wp-content\/uploads\/2020\/03\/C05P6765-1024x683.jpg 1024w, https:\/\/jean-micheldaune.be\/photo\/wp-content\/uploads\/2020\/03\/C05P6765-768x512.jpg 768w, https:\/\/jean-micheldaune.be\/photo\/wp-content\/uploads\/2020\/03\/C05P6765-600x400.jpg 600w, https:\/\/jean-micheldaune.be\/photo\/wp-content\/uploads\/2020\/03\/C05P6765-1536x1024.jpg 1536w, https:\/\/jean-micheldaune.be\/photo\/wp-content\/uploads\/2020\/03\/C05P6765-2048x1366.jpg 2048w, https:\/\/jean-micheldaune.be\/photo\/wp-content\/uploads\/2020\/03\/C05P6765-1240x827.jpg 1240w, https:\/\/jean-micheldaune.be\/photo\/wp-content\/uploads\/2020\/03\/C05P6765-508x339.jpg 508w, https:\/\/jean-micheldaune.be\/photo\/wp-content\/uploads\/2020\/03\/C05P6765-272x182.jpg 272w\" sizes=\"auto, (max-width: 2200px) 100vw, 2200px\" \/>\t\t<\/li>\n\t\t<\/ul>\t\t\t\t<ol class=\"sow-slider-pagination\">\n\t\t\t\t\t\t\t\t\t\t\t<li><a href=\"#\" data-goto=\"0\" aria-label=\"Display slide 1\"><\/a><\/li>\n\t\t\t\t\t\t\t\t\t\t\t<li><a href=\"#\" data-goto=\"1\" aria-label=\"Display slide 2\"><\/a><\/li>\n\t\t\t\t\t\t\t\t\t\t\t<li><a href=\"#\" data-goto=\"2\" aria-label=\"Display slide 3\"><\/a><\/li>\n\t\t\t\t\t\t\t\t\t\t\t<li><a href=\"#\" data-goto=\"3\" aria-label=\"Display slide 4\"><\/a><\/li>\n\t\t\t\t\t\t\t\t\t<\/ol>\n\n\t\t\t\t<div class=\"sow-slide-nav sow-slide-nav-next\">\n\t\t\t\t\t<a href=\"#\" data-goto=\"next\" aria-label=\"Next slide\" data-action=\"next\">\n\t\t\t\t\t\t<em class=\"sow-sld-icon-thin-right\"><\/em>\n\t\t\t\t\t<\/a>\n\t\t\t\t<\/div>\n\n\t\t\t\t<div class=\"sow-slide-nav sow-slide-nav-prev\">\n\t\t\t\t\t<a href=\"#\" data-goto=\"previous\" aria-label=\"Previous slide\" data-action=\"prev\">\n\t\t\t\t\t\t<em class=\"sow-sld-icon-thin-left\"><\/em>\n\t\t\t\t\t<\/a>\n\t\t\t\t<\/div>\n\t\t\t\t<\/div><\/div><\/div><div id=\"panel-575-0-0-1\" class=\"so-panel widget widget_sow-editor\" data-index=\"1\" ><div\n\t\t\t\n\t\t\tclass=\"so-widget-sow-editor so-widget-sow-editor-base\"\n\t\t\t\n\t\t>\n<div class=\"siteorigin-widget-tinymce textwidget\">\n\t<h3 style=\"font-weight: 400;\"><strong>CHAMOIS, VOSGES \u00a0<\/strong><\/h3>\n<p style=\"font-weight: 400;\">Partez pour les Vosges \u00e0 la d\u00e9couverte du chamois. Cette r\u00e9gion est une v\u00e9ritable p\u00e9pite pour les passionn\u00e9s de la photographie et de la nature, offrant des possibilit\u00e9s infinies pour capturer la beaut\u00e9 qui nous entoure.<\/p>\n<p style=\"font-weight: 400;\">Situ\u00e9 au c\u0153ur du massif des Vosges, cet atelier propose une exp\u00e9rience unique pour apprendre les techniques de la photographie de paysage et de nature ou en compl\u00e9ment de d\u00e9couverte de spots embl\u00e9matiques pour les photographes confirm\u00e9s.<\/p>\n<p style=\"font-weight: 400;\">Les participants peuvent ainsi apprendre les bases de la photographie, comme les r\u00e9glages de l'appareil, la composition de l'image ou encore les techniques de post-traitement.<\/p>\n<p style=\"font-weight: 400;\">Les professionnelles ou photographes confirm\u00e9s appr\u00e9cieront les spots tant par leur beaut\u00e9, que par leurs sujets.<\/p>\n<p style=\"font-weight: 400;\">Les ateliers propos\u00e9s sont adapt\u00e9s \u00e0 tous les niveaux, que vous soyez d\u00e9butant ou photographe confirm\u00e9. Les cours ont lieu en petit groupe, ce qui permet une approche personnalis\u00e9e et une attention particuli\u00e8re.<\/p>\n<p><strong>Dur\u00e9e :<\/strong> 3 jours<br \/>\n<strong>P\u00e9riode :<\/strong> Avril, mai &amp; Octobre, novembre<br \/>\n<strong>Prochain d\u00e9part :<\/strong> Vendredi 05 mai 2023 : COMPLET<br \/>\n<strong>Prochain d\u00e9part :<\/strong> Vendredi 12 mai 2023 : COMPLET<br \/>\n<strong>Prochain d\u00e9part :<\/strong> Vendredi 29 septembre 2023 : 1 place restante<br \/>\n<strong>Effectif :<\/strong> 2-4 personnes<\/p>\n<h4>PROGRAMME<\/h4>\n<p>D\u00e9part du Luxembourg vendredi 17h00 - arriv\u00e9e au Logement entre 20H30 et 21H . L'occasion de faire connaissance et d'\u00e9changer son exp\u00e9rience.<\/p>\n<p><strong>Samedi :<\/strong><\/p>\n<p>- d\u00e9part t\u00f4t le matin \u00e0 la d\u00e9couverte des chamois<br \/>\n- retour au logement pour le petit d\u00e9jeuner<br \/>\n- d\u00e9briefings - s\u00e9lection des photos - atelier d\u00e9veloppement<br \/>\n- repas<br \/>\n- photo paysage, faune et nature, lac, point de vue sur la vall\u00e9e<br \/>\n- retour au logement : go\u00fbter, caf\u00e9, 1 heure temps libre<br \/>\n- d\u00e9part pour les chamois le soir<br \/>\n- d\u00eener<\/p>\n<p><strong>Dimanche :<\/strong><\/p>\n<p>- d\u00e9part t\u00f4t le matin \u00e0 la d\u00e9couverte des chamois -<br \/>\n- petit d\u00e9jeuner<br \/>\n- d\u00e9part pour le retour au Luxembourg - pr\u00e9vu vers 13h00-14h00<\/p>\n<p><strong>PRIX : 510,00 \u20ac<\/strong> TTC\/ personne*<\/p>\n<p style=\"font-weight: 400;\">*Ce prix comprend le logement et les repas (hors boisson alcoolis\u00e9es) \u2013 les d\u00e9placements en voiture, aller-retour au d\u00e9part du Luxembourg.<\/p>\n<\/div>\n<\/div><\/div><div id=\"panel-575-0-0-2\" class=\"so-panel widget widget_sow-button\" data-index=\"2\" ><div\n\t\t\t\n\t\t\tclass=\"so-widget-sow-button so-widget-sow-button-flat-447717887bbb-575\"\n\t\t\t\n\t\t><div class=\"ow-button-base ow-button-align-center\"\n>\n\t\t\t<a\n\t\t\t\t\thref=\"mailto:jimi@iddifix.lu\"\n\t\t\t\t\tclass=\"sowb-button ow-icon-placement-left ow-button-hover\" target=\"_blank\" rel=\"noopener noreferrer\" \t>\n\t\t<span>\n\t\t\t\n\t\t\tINFOS - RESERVATIONS\t\t<\/span>\n\t\t\t<\/a>\n\t<\/div>\n<\/div><\/div><div id=\"panel-575-0-0-3\" class=\"so-panel widget widget_sow-editor panel-last-child\" data-index=\"3\" ><div\n\t\t\t\n\t\t\tclass=\"so-widget-sow-editor so-widget-sow-editor-base\"\n\t\t\t\n\t\t>\n<div class=\"siteorigin-widget-tinymce textwidget\">\n\t<p>[supsystic-gallery id='7']<\/p>\n<\/div>\n<\/div><\/div><\/div><\/div><\/div><\/div>","protected":false},"excerpt":{"rendered":"<p>CHAMOIS, VOSGES \u00a0 Partez pour les Vosges \u00e0 la d\u00e9couverte du chamois. Cette r\u00e9gion est une v\u00e9ritable p\u00e9pite pour les passionn\u00e9s de la photographie et de la nature, offrant des possibilit\u00e9s infinies pour capturer la beaut\u00e9 qui nous entoure. Situ\u00e9 au c\u0153ur du massif des Vosges, cet atelier propose une exp\u00e9rience unique pour apprendre les [&hellip;]<\/p>\n","protected":false},"author":1,"featured_media":0,"parent":0,"menu_order":0,"comment_status":"closed","ping_status":"closed","template":"","meta":{"two_page_speed":[],"footnotes":""},"class_list":["post-575","page","type-page","status-publish","hentry"],"_links":{"self":[{"href":"https:\/\/jean-micheldaune.be\/photo\/wp-json\/wp\/v2\/pages\/575","targetHints":{"allow":["GET"]}}],"collection":[{"href":"https:\/\/jean-micheldaune.be\/photo\/wp-json\/wp\/v2\/pages"}],"about":[{"href":"https:\/\/jean-micheldaune.be\/photo\/wp-json\/wp\/v2\/types\/page"}],"author":[{"embeddable":true,"href":"https:\/\/jean-micheldaune.be\/photo\/wp-json\/wp\/v2\/users\/1"}],"replies":[{"embeddable":true,"href":"https:\/\/jean-micheldaune.be\/photo\/wp-json\/wp\/v2\/comments?post=575"}],"version-history":[{"count":27,"href":"https:\/\/jean-micheldaune.be\/photo\/wp-json\/wp\/v2\/pages\/575\/revisions"}],"predecessor-version":[{"id":910,"href":"https:\/\/jean-micheldaune.be\/photo\/wp-json\/wp\/v2\/pages\/575\/revisions\/910"}],"wp:attachment":[{"href":"https:\/\/jean-micheldaune.be\/photo\/wp-json\/wp\/v2\/media?parent=575"}],"curies":[{"name":"wp","href":"https:\/\/api.w.org\/{rel}","templated":true}]}}